. What is the units digit of l(-3)?
1
Let q = 80 - 44. What is the units digit of q?
6
Let r(l) = -3*l**3 + 6*l**2 - 3 + 1 - l + 4*l**3. Let n be r(-4). Let p = -19 + n. What is the units digit of p?
5
Suppose 38 = 4*g + 14. Let v = 4 + g. Suppose 4*x - 5*x = -v. What is the tens digit of x?
1
Let g(n) = 3*n**3 - 2*n + 1. Let w be g(2). Let r = 31 - w. What is the units digit of r?
0
Suppose 0*y - 5*y - 25 = 0. Let g(k) = 2*k**2 + 7*k + 1. What is the units digit of g(y)?
6
Let v(h) = 10*h**2. Let d be v(-1). Suppose -d = -5*g + 100. What is the tens digit of g?
2
Let n(a) = -2*a**2 + 3*a**2 + 3*a**2 - 1 + a - 3*a**2. What is the tens digit of n(-5)?
1
Let n = 63 - 35. Suppose 0 = 2*a - n + 6. What is the units digit of a?
1
Suppose 9*t - 48 - 339 = 0. What is the tens digit of t?
4
Let m(n) = 83*n**2 - 2*n - 2. What is the tens digit of m(-1)?
8
Let h = 3 + -1. Suppose b - 3 = h. Suppose 4*d - 20 = r, -4*r - 45 + 9 = -b*d. What is the units digit of d?
4
Let v be 2/(-8) + (-90)/(-8). Suppose -m + 2*b - 8 = 0, -v - 9 = -5*b. What is the units digit of (m - (3 + -2))*-7?
7
Suppose 12*v - 1024 = -220. What is the tens digit of v?
6
Let u = 2 - 5. What is the units digit of (5 + 1)*(-1)/u?
2
Suppose 2 = -5*l + 6*l. Suppose 0 = -q - l, -2*q = t - 27 + 11. What is the units digit of t?
0
Let v(o) = -2*o - 1. Let t be v(-3). Suppose h = -5*f + 17, h - t*f + 9 = -2*h. Suppose 5 + 3 = h*b. What is the units digit of b?
4
Let c = 317 + 19. What is the hundreds digit of c?
3
Let r(q) = q - 3. Suppose -6 = -4*f + 3*f. What is the units digit of r(f)?
3
Suppose 4*j = 2*m, 0*j - 5*j = 4*m. Let a be m/3*(-1)/(-2). What is the units digit of -2 + 1 + a + 2?
1
Let w be 5/(-10) - (-2)/4. Suppose -3*y - y + 56 = w. Suppose 0 = 5*m - 7*m + y. What is the units digit of m?
7
Let y(i) = -10*i**2 - 7 + i**3 - 5*i - 2 + 18*i. What is the units digit of y(9)?
7
Let x(v) = -65*v + 1. What is the units digit of x(-1)?
6
Let l be -1 - (1 + -1)/(-2). Let g be (4/2)/(2 + l). Suppose -10 = -g*x + 12. What is the units digit of x?
1
Suppose 5*w = w + 16. Suppose 0*i - 8 = -w*i. Suppose k = i*k - 7. What is the units digit of k?
7
Suppose 3*d - 5 + 26 = 0. Let z(j) = j**3 + 6*j**2 - j + 4. Let f be z(d). What is the units digit of f/(-6) + 4/6?
7
Let f = 29 + -45. Let i = f + 35. What is the units digit of i?
9
Suppose 2*h - 20 = -2*h. Suppose 0*x = -h*x. Suppose 7*k - 2*k - 85 = x. What is the tens digit of k?
1
Let h = -99 + 216. What is the hundreds digit of h?
1
Suppose 0 = 3*t + 82 - 13. Let z = t - -39. What is the tens digit of z?
1
What is the tens digit of -20*(-2 - 4/(-16))?
3
Let n(d) = d**3 - d - 1. Let a be n(-2). Let l = 12 + a. Let j = l + -3. What is the units digit of j?
2
What is the units digit of 16*3/2*15/12?
0
Suppose -3*k + 9 = -0*k. Let s(f) = f**3 - 2*f**2 + f + 4. Let b be s(k). What is the units digit of 5*(b/(-10) + 2)?
2
What is the units digit of (6/(-9)*-3 - -125) + 3?
0
Let i(l) = 4*l**3 + 2*l**2 - 1. Let r be i(1). Suppose -r*b + 72 = -3*b. Suppose -o + 6 = 2*g, -4*o - 2*g + b = -0*g. What is the units digit of o?
0
Suppose 0 = -3*y + 3*f - 6, 5*f - 48 = -4*y - 11. What is the units digit of y?
3
Suppose 9 = 2*j + j. What is the units digit of 4 - j*(-1)/(-3)?
3
Suppose 0 = -n + 117 + 44. What is the hundreds digit of n?
1
Let q(n) = 0 + 2 + n**2 + 6*n + 2. Let i(m) = m**3 + 2*m**2 + m + 5. Let t be i(-3). What is the tens digit of q(t)?
1
Suppose 8*z - z - 294 = 0. What is the units digit of z?
2
Let u be 1*(1 - 2)*-3. Suppose 15 = 2*f + u. Let v(b) = b - 5. What is the units digit of v(f)?
1
Suppose -3*m - 697 = -7*m + w, -516 = -3*m + 3*w. What is the tens digit of m?
7
Let c(t) = t**2 + 7*t - 3. Let j be c(-6). Let b(m) = -m**2 + 7. Let h(z) = 2*z**2 - z - 15. Let w(k) = j*b(k) - 4*h(k). What is the units digit of w(-6)?
9
Let l be (-247)/(-7) + (-4)/14. Let t = l + -24. What is the units digit of t?
1
Let l(p) = -5*p - 1. Let t be l(-3). Let d be 90/(-21) + 4/t. What is the units digit of d/6 + (-22)/(-6)?
3
Let w(a) = 62*a. What is the tens digit of w(1)?
6
Suppose 0*n - 4 = n, 3*u + 4*n = -25. Let t be (-7)/u + 5/(-15). Suppose 0*r = -3*c - t*r + 3, 4*c - 5*r - 4 = 0. What is the units digit of c?
1
Let z(h) = -h**3 - 7*h**2 - 5*h + 7. Let d be z(-6). Suppose 0 = -4*j + 17 - d. Suppose j*g - 28 = -2*o, -1 = 2*g + 5*o - 7. What is the units digit of g?
8
Suppose -10*m + 36 = -7*m. What is the units digit of m?
2
Let q(p) = p**2 + 4*p - 7. Let x be q(-5). Let i be 1 + 3 + x - 0. Suppose 2*d - 8 = -o, -d - 1 = -o - i. What is the units digit of d?
3
Suppose 3*k - 2*k + 2 = 0. Let f = 4 + k. Let g(r) = 3*r + 1. What is the units digit of g(f)?
7
Let y(p) = p + 15. Let h be y(-7). Suppose 4*m + h = 2*m, 0 = 4*b + 2*m - 8. Let l = b + 0. What is the units digit of l?
4
Suppose -14*t = -954 - 1986. What is the tens digit of t?
1
What is the tens digit of 4/6*(84 - 18)?
4
Suppose 0 = -4*d - 8 - 8. Let q(x) = -x**2 - 4*x - 1. Let o be q(d). Let k = 1 - o. What is the units digit of k?
2
Suppose -316 = -4*f + 3*t, 0 = -6*f + f + 2*t + 402. What is the units digit of f?
2
Let s(m) be the second derivative of -m**3/6 - m**2/2 + 2*m. Let u be s(-3). Suppose -2*w + 7 = -3*i, -u*w + 2*i - 14 = -3*w. What is the units digit of w?
8
Let k be (-3)/(9/(-21) - 0). Let f = k - -9. What is the tens digit of f?
1
What is the units digit of (-4)/(-8) - 417/(-6)?
0
Let y(n) = -n**2 - 7*n - 5. Let w be y(-4). Suppose -b = 5*l - 3 + w, 3*l = -12. What is the units digit of b?
6
Let t(b) = 2*b**2 - 3*b - 12. What is the units digit of t(5)?
3
Let f = 139 - 93. What is the tens digit of f?
4
Let s = -40 - -131. Suppose 2*b - 10 = 0, 5*a - s = -5*b - 11. What is the tens digit of a?
1
Suppose 8*s - 546 = -178. What is the tens digit of s?
4
What is the units digit of (-1 - -1) + (-5)/(-1)*16?
0
Suppose -4*r = -2*q + 38, 3*r = q + 4*q - 116. What is the tens digit of q?
2
Let b = 243 + -125. What is the units digit of b?
8
Let j(i) = i**3 + 6*i**2 + 5*i. Let b be j(-5). Let c be 7/((-5)/((-20)/(-4))). Let r = b - c. What is the units digit of r?
7
Let f(x) = -2*x**2 + 32*x + 22. What is the units digit of f(15)?
2
Let w(r) = 2*r**2 + 1. Let h be w(1). Suppose 0 = -x - 1 + h, -x = 4*k - 38. Suppose -l + k = 2*l. What is the units digit of l?
3
Suppose p = t + 3*t - 588, -3*t = -p - 441. What is the tens digit of t?
4
Let p = 295 + -202. What is the units digit of p?
3
Let r = 4 + 5. What is the tens digit of -24*(r/(-12) + 0)?
1
Suppose -2*p + 330 = 2*p - 5*o, 3*p + 4*o = 232. What is the tens digit of p?
8
Let p = -17 - -26. Suppose -p - 11 = 4*t. Let g(x) = -x**3 - 5*x**2 + 3. What is the units digit of g(t)?
3
Suppose 2*p - 673 = -241. What is the units digit of p?
6
Suppose 34 = 2*d - o, 27 = 4*d + 4*o - 29. Let x = -2 + d. What is the units digit of x?
4
Let t = -7 - -18. Let c(l) = -3*l**3 - 2*l**2 - l. Let r be c(-1). Suppose r*w - t = w. What is the tens digit of w?
1
Let i = -2 - -5. Let w(v) = 3*v - 4 + 0 - v**2 + 5. What is the units digit of w(i)?
1
Let d(k) = -9*k + 1. Let w = 1 - 2. What is the units digit of d(w)?
0
Let i(k) = -3*k**3 + k**3 - 6*k**2 - 1 + k**3 + 6*k. Let b be i(-7). What is the units digit of (2 - 14/b)*-9?
3
Let n(d) = 40*d**3 + d**2 - 1. Let u be n(1). Let r = 73 - u. What is the units digit of r?
3
What is the hundreds digit of ((-16)/10)/(22/(-3025))?
2
Let c = -5 + 7. Let f = 2 + c. What is the units digit of f?
4
Suppose 3*s - 93 = 3*g, -4*g - 103 = 4*s + 13. What is the tens digit of ((-17)/2)/(15/g)?
1
Let c(o) = -o**3 + 10*o**2 - 7*o - 12. Suppose d - 6*d = 2*u - 19, -4*d + 10 = -u. Suppose m + 9 = u*m. What is the units digit of c(m)?
6
Let a = -4 - -4. Suppose a = 5*o - 5 - 65. What is the tens digit of o?
1
Let w(x) = -x**2 - x. Let p be w(-2). What is the tens digit of (4/5)/(p/(-50))?
2
Let s(w) = w**2 - 2*w - 2. Let j be s(-9). Let m = 144 - j. What is the units digit of m?
7
Suppose 5*w = -15, -3*w - 3 + 21 = g. What is the units digit of g?
7
What is the units digit of (-3 - -1 - -75) + -1?
2
Let h = 24 + 38. Suppose 4*c = 2*b - h, 116 = 2*b + 2*b - 4*c. What is the units digit of b?
7
Let j(d) = -1. Let t(f) = 7*f + 3. Let b(l) = 4*j(l) + t(l). What is the units digit of b(1)?
6
Let h(o) = -2*o**2 - 3*o - 1. Let